Let l(t) = 6*t**3 - 618*t**2 + 619*t**2 + 0*t**3 + 2 - t**3 - 2*t**3. Give l(-2).
-18
Let p(a) be the second derivative of -a**3/2 + 9*a**2/2 + 33*a. Calculate p(6).
-9
Let m(x) = -2*x**3 - 6*x**2 - 3*x - 7. Suppose -76*p - 479 = -175. Calculate m(p).
37
Let c(l) = -l**2 + 9*l - 4. Let p = -513 - -517. Give c(p).
16
Let c(g) = g + 3 + 2*g + 0. Let t(l) = -2*l**2 - 3*l**2 + 16*l**3 - 7 - l - 17*l**3. Let s be t(-5). What is c(s)?
-3
Let h(z) = -z**3 - z**2 - z + 2. Let r(l) = 9*l**3 + 6*l**2 + 9*l - 20. Let m(x) = -8*h(x) - r(x). Suppose -2*o = 3*o - 15. What is m(o)?
-8
Let t be 0*2/(-4) + 6. Let h = -3 + t. Let a(q) = -4*q + q - h - 2. Determine a(-6).
13
Let o = -2317 - -2315. Let i(l) = -l**3 + 2*l**2 + 4*l + 3. Calculate i(o).
11
Suppose 49*v = -7*v - 56. Let o(j) = -73*j**2 - 1. Give o(v).
-74
Let i be 9/(((-18)/(-30))/((-2)/5)). Let b(x) = x**2 + 4*x. What is b(i)?
12
Let q(y) = y**2 - 4*y - 3. Let h be q(5). Suppose -i + 2*m - 4 = 3*i, 2*i = -4*m + 18. Let z(s) = s + i - 1 - h + 1. Determine z(3).
2
Let s(l) be the first derivative of l**4/4 - 2*l**3 - 4*l - 60. What is s(6)?
-4
Let l(i) be the first derivative of i**2 - i - 1. Suppose -3*w = b + 2*b, 4*w + 30 = 2*b. Calculate l(b).
9
Let y(u) = 11*u**2 + 23*u - 26. Let d(m) = -5*m**2 - 11*m + 12. Let h(f) = 9*d(f) + 4*y(f). Give h(-7).
4
Let w(p) = -p**2 - p - 1. Let n = -3 + 14. Let k(c) = -4*c**2 + 3*c**2 + 0*c + 5*c - c**3 + n. Let r(u) = -k(u) - 5*w(u). Calculate r(-6).
-6
Suppose -5*s + 4*s = -4. Suppose -8 = s*h - 0*h + 5*b, 0 = 3*h - 2*b - 17. Let l(u) = -u - 2. Let k(n) = -2*n - 8. Let w(v) = k(v) - 4*l(v). What is w(h)?
6
Let q(r) = -66 + 36 + 40 + r. Determine q(-8).
2
Suppose 0 = 10*o - 6*o. Suppose o = 3*v - 7*v. Let y(w) = 0*w**2 + 3 + 2*w**2 - w**2 + 1. Determine y(v).
4
Let s(o) = -3*o + 2. Suppose -23 = -5*t - 63. Let z = t + 9. Let b be s(z). Let y(v) = 6*v**3 - v**2 - v. What is y(b)?
-6
Suppose -4*n + 3*y = 11, y = -1 - 2. Suppose -t = -3*z - 3*t + 22, 0 = z - 5*t + 4. Let c(s) = 10*s**2 - 13*s**2 + z*s**2 + s**3 + 2 - 7*s. Determine c(n).
-13
Suppose -22*f - 2*h = -20*f - 4, 0 = -f + 2*h + 11. Let b(t) = -5 - t**2 + 0*t + 5*t - t. What is b(f)?
-10
Suppose 5*n - 3*n = 0. Let v(k) = -2*k**3 + 4*k**2 + 2*k. Let d(i) = -i**3 + 3*i**2 + i - 1. Let g(c) = 3*d(c) - 2*v(c). Calculate g(n).
-3
Let d(k) = k**2 + 38*k - 167. Let v be d(-42). Let b(h) = 15*h - 1. What is b(v)?
14
Let h(n) be the second derivative of -n**4/2 + 2*n**3/3 - 3*n**2/2 - 678*n. Give h(2).
-19
Let k(j) = -j**2 + 5*j - 2. Let b = 26 - 136. Let c = -105 - b. Determine k(c).
-2
Suppose 4 = -5*n - 6. Let t be n*(3 - (-15)/(-6)). Let z(j) = 6*j**3 + 2*j**2 + j. Give z(t).
-5
Let c(b) be the first derivative of -b**2/2 + 313. Determine c(-2).
2
Let b = -4 - -12. Suppose 7 = 3*t - b. Let u(s) = 3*s**2 + 61 - 60 - 2*s**2 - 5*s. Calculate u(t).
1
Let r(j) = -9*j**2 - 2. Let x(v) = 2*v**3 + 8*v**2 + 11*v + 13. Let y be x(-3). Determine r(y).
-38
Let b(x) be the third derivative of x**6/120 - x**5/15 + x**4/6 - x**3 + x**2. Suppose -20*i + 1 = -79. What is b(i)?
10
Let h(t) be the second derivative of 2*t**3 + 1/20*t**5 - t**4 + 0 - 9/2*t**2 + 13*t. Calculate h(11).
2
Let o = 0 - 5. Let q(s) = -5*s - 5. Let i be q(o). Suppose i = -13*v + 9*v. Let x(c) = c**2 + 6*c. What is x(v)?
-5
Let g(n) = -4*n**2 - n - 2. Let l = 96 + -93. Let a(b) = b**3 - 4*b**2 - 2*b + 13. Let o be a(l). What is g(o)?
-16
Let i(b) = 1 - 10 + 16*b + 29 - 18*b. What is i(3)?
14
Let z(n) = -2*n - 1. Suppose -r = 5*g - 35, -5*r = -g - 7*r + 16. Give z(g).
-13
Suppose -15 = -i + 5*x, 5*i - x + 6*x = 15. Let y(h) = 13 + 8 + 4 - 32 - 3*h + h**2. Determine y(i).
3
Let h(w) = 19 - 61 + 16 + 22 + 5*w. Let b be 6 + (18/3)/(-2). What is h(b)?
11
Let n(p) be the third derivative of p**4/6 - 3*p**3/2 + 12*p**2 - 4. Determine n(8).
23
Let q(u) = u**2 + 14*u + 14. Suppose 264 + 321 = -45*m. Determine q(m).
1
Let k(i) = -i - 94 + 8*i**2 - 100 + 196. What is k(1)?
9
Let j be ((-124)/(-155))/(1/(-5)). Let y(a) = -a**3 - 5*a**2 - 5*a - 3. Determine y(j).
1
Let n = 362 - 358. Let w(j) = j**3 - 4*j**2 + j - 7. Calculate w(n).
-3
Let m = -321 + 318. Let t(p) = 3*p**2 + 3*p + 3. Let w(r) = 4*r**2 + 4*r + 3. Suppose 7*c - 2*c = 25. Let y(j) = c*t(j) - 4*w(j). Determine y(m).
-3
Suppose 11*z = 3*z - 16. Let g be ((-1)/z)/((-31)/62). Let f(p) = 9*p**3. Calculate f(g).
-9
Let u(a) = -a**2 + 7*a - 3. Let t(n) = n - 1. Let c be t(8). Suppose -11 = -w - c. Determine u(w).
9
Let g(h) be the first derivative of -h**4/4 + 5*h**3/3 - h**2 - h - 4. Let u be g(3). Suppose 10*r + 4 = u*r. Let m(p) = p. Calculate m(r).
4
Let o(b) be the third derivative of 5/24*b**4 - 1/10*b**5 - 6*b**2 + 1/120*b**6 + 0 - 2/3*b**3 + 0*b. What is o(3)?
-16
Let y = 35 - 25. Suppose 5*b - y = -0*b. Let p(o) = -8*o + 3 - 1 + 7*o. Determine p(b).
0
Let z(m) = -103*m**2 - 6*m + 9 - 6 + 111*m**2 + m**3. Determine z(-9).
-24
Let w be (-2 - -2) + 52/13. Let b(a) = a**3 - 3*a**2 - 2*a - 3. Calculate b(w).
5
Let a = -50 + 44. Let q be (-14)/7*(-3)/a*6. Let y(w) be the third derivative of -w**6/120 - w**5/10 + w**4/24 + 4*w**3/3 + w**2. Determine y(q).
2
Let b be (5 - 1)/(-1 - -2). Let c(o) = 4*o**3 + 65 - 2*o**3 + 3*o + o**3 - 5*o**2 - 62 - 2*o**3. Calculate c(b).
-1
Suppose -5*s = -2*s - 48. Let q = s + -9. Let o(i) = -1. Let p(x) = -x + 6. Let t(z) = -2*o(z) - p(z). What is t(q)?
3
Let z(t) = 20*t + 3. Let m(r) = 19*r + 1. Let j(s) = 3*m(s) - 2*z(s). Calculate j(3).
48
Suppose 4*w + 0*w + 4*i = -80, 3*i + 96 = -5*w. Let o = -20 - w. Let f(q) be the third derivative of q**5/15 + q**4/12 + q**3/3 - q**2. Calculate f(o).
14
Let w(d) = -d**2 - d - 1. Let z(t) = -3*t**2 - 10*t - 4. Let n(j) = -2*w(j) + z(j). Let l be (-6)/(-27) + (-112)/18. Calculate n(l).
10
Let g(d) be the third derivative of 0 + 8*d**2 + 0*d + 5/6*d**3 + 1/12*d**5 - 1/12*d**4 - 1/120*d**6. Give g(5).
-5
Suppose 4*r = 5*r - 4. Suppose -5*g = 1 + r. Let o(v) = -2*v**2 + 2. Let k(s) = s. Let m(p) = g*o(p) + 2*k(p). Give m(2).
10
Let k(w) = -w**3 - w**2 - w. Let n(r) = 2*r**2 - 2. Let s = 8 - 10. Let x be n(s). Let p(d) = -d**3 + 7*d**2 - 4*d - 13. Let t be p(x). Give k(t).
1
Let b be 10*1*(0 - 1). Let m be (-288)/(-60) - 2/b. Let s(p) = 0*p**2 + 4*p**2 - 5*p**2 + 4*p + 3. Calculate s(m).
-2
Suppose 5*j + 4*g = 18, 2*j - 4*j - 3*g + 10 = 0. Let v(q) be the first derivative of -4*q**2 + 0 + 7*q + 1 + 7*q**2 - j*q**2. What is v(-6)?
-5
Suppose 1788*b - 1786*b - 4*k = -12, 0 = 5*b + 5*k. Let x(a) be the third derivative of -a**6/60 - a**5/30 + a**4/8 + a**3/2 - a**2. Calculate x(b).
5
Suppose -9 = -s + k, 46 - 42 = s + 4*k. Let d(l) = 3*l + 2*l**3 + 8*l**2 - 12 - 5*l**3 + 2*l**3. Calculate d(s).
12
Let p(h) = h**3 + 7*h**2 - 2*h + 2. Suppose 4*x = -3*u - 22, -2 = -2*u + 2*x + 2. Let z(v) = -v**3 - 6*v**2 + 2*v - 3. Let i(s) = u*p(s) - 3*z(s). Give i(-5).
-10
Let o(n) = -23*n - 1. Let y be 187/2244 + (-2)/24*13. Give o(y).
22
Let y(s) = 2*s. Let t be -3*(22*(-3)/18 - -3). Suppose -t*x = x - 9, 13 = 2*u + 3*x. What is y(u)?
4
Let a(u) = 42*u**2 + 14*u. Let g(o) = 59*o**2 + 21*o. Let s(d) = -7*a(d) + 5*g(d). Let n = -15 - -8. What is s(n)?
0
Let w(o) = o**3 - 5*o**2 + o + 1. Let n be -1*(-3)/(-9) - 429/(-99). Calculate w(n).
-11
Let f(w) = w + 2. Let v be f(-2). Suppose -4*l + 3*n + 4 = v, -n = 2*n. Let s(c) = -11*c**2 + l + 0 + 2*c**2. Determine s(1).
-8
Let p(n) = n**3 - 7*n**2 - 4. Let y be (-106)/(-14) - (-144)/(-252). Give p(y).
-4
Let v(f) = -9*f + 4. Let t be v(3). Let u = -16 - t. Let g(b) = -u*b + 2 + b**2 + 6 + 0. Determine g(6).
2
Let s(r) = -r**2 - r + 4. Let h be s(0). Let t(j) = 12 + 16 - 3*j + 11 + 11 - 51. Calculate t(h).
-13
Let c(p) be the first derivative of -3*p**5/10 + p**4/12 + p**3/6 - p**2/2 - 17*p - 3. Let k(i) be the first derivative of c(i). What is k(1)?
-5
Let w(i) = -i**3 - 5*i**2 - 2*i - 1. Let f(c) = -3*c**3 - 57*c**2 + 2*c + 34. Let o be f(-19). Calculate w(o).
-9
Let z(c) = 5*c**3 - 2*c - 1. Let j(i) = 6*i**2 - i**3 - 1 + i**2 - i**2. Let x = -719 - -725. Let f be j(x). Calculate z(f).
-4
Let j(b) = -2*b**2 - 4*b - 5. Let s be (-12)/(1 - 0 - -1). Let g be s - 0 - (-2)/((-3)/(-3)). Calculate j(g).
-21
Let s(g) = 3*g - 5*g + 5 + 1. Let w(u) = 27*u + 58. Let q be w(-2). Give s(q).
-2
Let r = 20 + -18. Suppose 4*